e 0 = -2*z + 3*g - 6*g, 0 = -4*g + 8. What is x(z)?
18
Let n = 221 + -133. Let x = 91 - n. Let u(t) = t**2 - 3*t - 1. Calculate u(x).
-1
Let c(z) be the second derivative of z**5/5 - 5*z**4/12 + z**3 + 5*z**2/2 + 20*z. Let k(a) = -a**3 - a - 1. Let n(b) = -c(b) - 3*k(b). Determine n(3).
7
Let i(a) = -50*a + 3 - 1 + 1 + 8*a**2 + 52*a. Calculate i(-2).
31
Let p(r) = 2*r**2 - 17*r + 10. Let s(l) = -l**2 + 12*l - 8. Let x(o) = -2*p(o) - 3*s(o). Give x(3).
-11
Let a(v) be the second derivative of v**4/12 + 2*v**3/3 - 5*v**2/2 + 43*v. Let l = -6 + 2. Calculate a(l).
-5
Let f(k) = -64*k + 16. Let o(w) = -13*w + 3. Let c(r) = -2*f(r) + 11*o(r). Let t(b) = 26*b + 103. Let j be t(-4). Give c(j).
16
Let j(v) = 2*v + v**2 + 3 + 4*v - 2*v**2. Let y = -127 - -172. Suppose -2*a + 11*a = y. Give j(a).
8
Let t(d) = d**3 + 3*d**2 - d - 2. Suppose 5*g = 991 + 899. Let s be (-4)/(-18)*3*g/(-84). Determine t(s).
1
Let c(h) be the third derivative of -5*h**4/24 + 2*h**3/3 + 19*h**2 + 4*h. Give c(0).
4
Let a(y) be the third derivative of y**5/30 - y**3/6 + 2*y**2. Let p = -1345 - -1346. Give a(p).
1
Let j = 1 + 3. Let z(i) = j + 3*i - 2*i + 0*i. Let o(a) = -a**2 + 4*a + 10. Let p be o(6). Calculate z(p).
2
Let a(k) be the third derivative of -k**9/60480 + k**6/240 + 3*k**5/20 + 3*k**2. Let f(b) be the third derivative of a(b). Calculate f(0).
3
Suppose -3*t - 1 + 4 = 0. Let u(c) be the second derivative of 0*c**3 + 0*c**4 + 0 + 2/5*c**5 + 0*c**2 - 31*c. Determine u(t).
8
Let q(j) = 7*j**3 + 7*j + 9. Let t(d) = d**2 - 6*d - 5. Let f be t(6). Let s(m) = -4*m**3 - 4*m - 5. Let o(v) = f*s(v) - 3*q(v). Calculate o(-2).
8
Let h(a) = -a**2. Suppose 0 = d - 2*r + 7, d = -r - 0 + 2. Let o(v) = -v. Let i be o(d). Suppose -5*q + 3*b + 6 = 0, -4*q + 16 = b + i. Give h(q).
-9
Let u = -27 - -33. Let f(b) = b**2 - 4 - 3 + 3 + u*b + 5. Calculate f(-8).
17
Let m(z) be the third derivative of z**4/24 + z**3/6 - 26*z**2. Let n(f) = -f**2 + f. Let s be n(1). Suppose 4*x - 14 = -c - s*x, c - 5*x + 13 = 0. Give m(c).
3
Let i be (-3)/(-3)*(-88)/(-22). Let y(a) = a**2 - 3*a - 2. What is y(i)?
2
Let b(d) = -6 - 2 - 2 + 648*d**2 - 647*d**2 + 3*d + 3*d. What is b(-7)?
-3
Let w be (6/8)/(-5 + (-404)/(-80)). Let j(c) = 5*c**2 + 2*c - 15 + 29 - w. Give j(1).
6
Suppose -4*d - 4*h = -40, 0 = -5*d + 3*h + 9 + 9. Let f(p) = p**3 - 7*p**2 + 6*p + 4. Determine f(d).
4
Let v(r) = -r**3 - 4*r**2 + 3*r - 1. Suppose 3*b - 13 = 23. Suppose 73 - 13 = -b*x. Calculate v(x).
9
Let d(k) = -6*k - 3. Let g = 265 + -266. Calculate d(g).
3
Let q = -10 + 13. Suppose b = 2*b - q. Let d(o) = -o**3 + 4*o**2 - 3*o + 3. Give d(b).
3
Let r(m) = -4*m - 8. Let n be r(-6). Let z(s) = s - 1. Let v be z(8). Suppose 3*w - v = -n. Let b(f) = 5*f + 1. What is b(w)?
-14
Let j(k) = -k - 16. Let y be (31/62)/(2/(-20)). Determine j(y).
-11
Let f(p) be the second derivative of -p**3/6 + 5*p**2/2 + 10*p. Suppose -2*u + 0*x = -4*x + 8, -5*x + 12 = -2*u. Determine f(u).
1
Let m(b) = 4*b - 5. Suppose 2*n + 14 = 2*r - 0, -2*n - 7 = 5*r. Give m(n).
-29
Let f(h) = 11*h + 25. Let q(c) = 5*c - 1. Let k(t) = f(t) - 2*q(t). Determine k(-26).
1
Let w be 1*(1 - (3 + -1)). Let a(q) = q**3 + 4*q. Let n(v) = 20*v**3 + v**2 + 30*v + 1. Let d(s) = 7*a(s) - n(s). Calculate d(w).
13
Let n(s) = -24876*s**2 - 3*s - s + 2*s - 5 + 24877*s**2. Calculate n(7).
30
Let y(z) = 77*z**3 + 8*z**2 + 3 + 9*z - 1 - 151*z**3 + 73*z**3. What is y(9)?
2
Let m(d) = 3*d**2 + 7*d - 6. Let a(o) = -2*o**2 - 7*o + 6. Let i(p) = 4*a(p) + 3*m(p). Give i(5).
-4
Let o = -1245 + 1240. Let l(r) = -9*r - 16. What is l(o)?
29
Let l(q) = q**2 - q - 10. Let v = 296 - 296. Calculate l(v).
-10
Let p(w) be the second derivative of w**5/60 - w**4/6 - 7*w**3/6 + 21*w**2/2 + w + 1. Let b(a) be the first derivative of p(a). What is b(6)?
5
Let l = 111 - 117. Let i(d) = -d**3 - 6*d**2 - 8. Give i(l).
-8
Let w(q) = 18*q**2 + 10*q**2 - 4*q**3 + 3*q**3 - 7*q**2 - 18*q - 3 - 2*q**2. Give w(18).
-3
Let o(b) be the third derivative of 0*b**4 + 0 - 1/5*b**5 + 6*b**2 + 0*b - 1/6*b**3. What is o(-1)?
-13
Let f(x) = -5*x - 1. Let n(y) = 4*y**3 - y. Let w be n(1). Suppose 5*o + 8 = w. What is f(o)?
4
Let o(n) = 4 - 10*n - 3 + 2*n. Let s be 11 + -2 + (2 - 2). Let q be s/7 - 6/21. Give o(q).
-7
Let m(t) = -t**3 + 3*t + 4. Suppose -14*c = 9*c - 69. What is m(c)?
-14
Let p(c) = -2*c - 2. Suppose -116*d = -112*d - 24. Calculate p(d).
-14
Let u(m) = 1. Let y(f) = f - 20. Let l(g) = -6*u(g) - y(g). Give l(11).
3
Let r(k) = -k + 1. Suppose 4*u = 5*u + 3*d - 9, 4*u + 3*d + 9 = 0. Let o = 20 - 18. Let s = u + o. What is r(s)?
5
Let f = 239 + -239. Let l(o) = -o**3 + o**2 - 11. Give l(f).
-11
Let x be (927/(-412))/((-6)/(-32)). Let l(q) = -q**3 - 11*q**2 + 11*q - 5. What is l(x)?
7
Let d(p) = -2 - 254*p**2 - 4*p + 4*p + 253*p**2 + p**3. Let a(l) = l**2 + 3*l. Let f be a(-3). Suppose 0 = 2*b - f*b. Give d(b).
-2
Let d = -44 + 45. Let c(u) = 1 - d - u + 0 + 8. Calculate c(6).
2
Let z(r) be the third derivative of -r**5/60 - r**4/24 - 5*r**3/6 + 8*r**2. Let l be ((-8)/(-5))/(4/(-10)). What is z(l)?
-17
Let n be ((-24)/(-18))/(-2) - (-11)/3. Let f(l) = -6*l**3 - 26*l**2 + l**n - 1 + 2*l + 25*l**2. Determine f(1).
-5
Let q(w) be the first derivative of -w**4/4 + 2*w**3 + 7*w - 13. Let x(h) = 5 + 14*h - 1 - 11 - 5*h**2 + 4*h**2. Let t be x(13). Calculate q(t).
7
Let r(q) be the third derivative of -1/2*q**3 + 0*q - 2*q**2 + 0 - 7/24*q**4 - 1/60*q**5. Give r(-3).
9
Suppose -2*r + 5 = 1. Suppose t - 4 = 2*d + 6, -d = t + 2. Suppose -l - 17 = -2*y, -r*l + 4 = 2*y + t. Let f(j) = -j**3 + 6*j**2 + j - 6. Determine f(y).
0
Let l(o) = 15*o - 29. Let p(v) = 8*v - 15. Let s(w) = -3*l(w) + 5*p(w). What is s(4)?
-8
Let q(i) = i**2 - i - 3. Suppose -28 = 21*o + 35. Calculate q(o).
9
Let m(k) = k + 34. Let y be m(-17). Let r(v) = 3*v**3 - 5*v**2 + 20*v + 20. Let l(w) = -w**3 + 2*w**2 - 7*w - 7. Let f(i) = y*l(i) + 6*r(i). Determine f(-4).
-3
Let y(n) = n**2 + 16*n - 3. Let h(q) = -q**2 - 14*q + 3. Let i(o) = -6*h(o) - 5*y(o). Calculate i(-8).
29
Let i(d) = 4*d**2 + 2*d + 14. Let c(w) = -7*w**2 - 4*w - 26. Let m(x) = 6*c(x) + 11*i(x). Calculate m(3).
10
Let g(c) = -18*c**2 + 161*c + 9. Let y be g(9). Let p(q) = -q - 6. What is p(y)?
-6
Suppose i = 20 - 14. Suppose i*d = 3*d - 4*d. Let s(u) = u**2 - u + 5. What is s(d)?
5
Let p(o) be the second derivative of o**5/120 + 3*o**4/8 + 23*o**3/6 + 40*o. Let k(z) be the second derivative of p(z). Calculate k(-5).
4
Let j be 9/21 - 67/(-7). Let t(a) = -a**3 + 11*a**2 - 9*a - 10. Let r be t(j). Let k(s) = s**3 + s**2 + s + 8. Determine k(r).
8
Let i(n) be the second derivative of -3*n**2 + 0 - 1/6*n**3 + 32*n. What is i(5)?
-11
Let y(l) = 10*l + 16. Let u(m) = 5*m + 7. Let c(d) = 5*u(d) - 2*y(d). Determine c(-5).
-22
Let w(n) = n + 6. Suppose -5*v = -3*d + 29, 0 = -d - v - 1. Suppose 8 = 2*t - d*m - 20, -t - 12 = 5*m. Suppose -42 = t*s - s. Give w(s).
0
Let d(p) = -5*p + 8. Suppose 4*c = 25 - 69. Let u(k) = 9*k - 16. Let f(v) = c*d(v) - 6*u(v). Calculate f(-6).
2
Let j be -1 - (-2)/(-15)*(-2 - 8). Let l(v) be the first derivative of j*v**3 + 4 - 2*v**2 + 0*v. Determine l(5).
5
Let i(c) = -7*c**3 + c**2 - 1. Let v be 3/(-3) - (-4 - -2). Let d be i(v). Let l(a) = a**3 + 8*a**2 + 6*a - 10. What is l(d)?
-3
Let q(r) = -8*r**3 + r. Suppose -4*j - 5*k = -0*k - 21, -5*k + 23 = 2*j. Give q(j).
7
Let j be ((-14)/6)/(-7)*(-3 + 12). Let v(y) = -4*y + 5. What is v(j)?
-7
Let g(u) = -u**2 - 3*u. Suppose 0 = s - 3*s + 36. Let f = s - 10. Suppose -2*p + 4*p = -f. Give g(p).
-4
Let m(f) = f**3 - 12*f**2 + 37*f + 3. Let o be m(6). Let r(k) = k**3 - 10*k**2 + 10*k - 12. What is r(o)?
-3
Suppose -4*p + 3*x - 3 = 0, -2*x + 4*x - 2 = 3*p. Let j(z) = -2*z**3 + z**2 - z - 8. Let u(m) = -m**3 + m**2 + 1. Let l(r) = j(r) - u(r). What is l(p)?
-9
Let r(t) = -9*t + 42. Let b be ((-15)/(-75))/(4/(-20)) + 5. Calculate r(b).
6
Let u = -1093 - -1107. Let v(k) = -k**3 + 15*k**2 - 15*k + 2. Determine v(u).
-12
Let l(q) = q**2 + q - 6. Suppose -52*u - 35 = -191. Calculate l(u).
6
Let h(o) = 2*o - 4. Let y be h(5). Let f(w) = 5*w + 1. Let q(r) = -4*r + 1. Let d(p) = -3*f(p) - 4*q(p). Determine d(y).
-1
Let q(a) = -a + 0*a + 3*a + 11 - a. Calculate q(-4).
7
Let o = -149 - -158. Let w(a) = 3*a - 12. What is w(o)?
15
Let y(c) = 